 the highest common factor of n and u?
5
Let h = 22 + 17. Suppose -14*j = -12*j - 442. What is the greatest common divisor of j and h?
13
Let q be (-3)/(-6) - 3/(-2). Suppose -q*p + 387 - 99 = 0. Let u be 18 + 1 - (1 + 2). Calculate the highest common factor of u and p.
16
Suppose 20*z - 15*z = 4*q + 160, -125 = -5*z - 3*q. Calculate the greatest common divisor of 70 and z.
14
Let q = -7474 - -8329. Calculate the greatest common divisor of q and 120.
15
Let j = -72 + 72. Suppose j = 3*u + 3, 2*m - 5*u - 5 = -2*m. Suppose m = -4*a - 128 + 1028. What is the greatest common divisor of 9 and a?
9
Suppose -2*q = -6*q + 5*l + 20, -5*l = -5*q + 25. Suppose 0*m + q*m = 225. What is the greatest common factor of 9 and m?
9
Let k(b) = 3*b**2 - 19*b - 677. Let m be k(-19). What is the highest common divisor of m and 118?
59
Suppose 4*c + 4*s = -19 + 71, -5*c = -s - 29. What is the highest common divisor of 20811 and c?
7
Let j(f) = -2*f**2 + 49*f - 168. Let a be j(18). Calculate the greatest common factor of 8019 and a.
33
Suppose 16*t - 365 - 2475 = 312. Calculate the highest common divisor of 12805 and t.
197
Let n(s) = -4*s**2 - 15*s + 50. Let u be n(-4). Calculate the greatest common divisor of 1886 and u.
46
Suppose -6 = 3*f - f, -4*z = 2*f - 18. Suppose 0 = -45*y + 41*y + 60. Suppose 3*n = -y*n + 756. What is the greatest common divisor of n and z?
6
Let a(t) be the second derivative of -1/6*t**3 - t**2 + 1/6*t**4 - 8*t - 29/20*t**5 + 0. Let v be a(-2). What is the highest common divisor of 96 and v?
48
Let c = -5039 + 5271. What is the greatest common factor of 1566 and c?
58
Let i(r) = 4*r**2 - r. Let z be i(3). Let t = 1479 + -1402. Calculate the highest common factor of t and z.
11
Let r be (-307 - 0)*-5 + (-7)/(-7). Calculate the highest common factor of 6 and r.
6
Let l be (-2 + 1)/(-6) + (-2444)/(-24). Let x = -81 + l. Let j = -1 + x. What is the highest common factor of j and 140?
20
Let h = -288 - -314. Let w = 278 + h. What is the highest common factor of w and 32?
16
Suppose 0 = 168*s - 144*s - 22632. What is the highest common factor of 451 and s?
41
Suppose i - 41 = -32*q + 30*q, -2*i + 5*q = -46. Let y be i/165 - (-808)/10. What is the greatest common factor of 6 and y?
3
Let m(a) = 49*a**2 - 438*a + 45. Let g be m(10). What is the greatest common factor of 904 and g?
113
Let m = 1262 - 680. Let d be (-194)/m - (0 + (-40)/3). Calculate the greatest common factor of 143 and d.
13
Suppose -5*d = -5*h + 1430, d - 8*h + 301 = -12*h. Let m = 379 + d. Suppose j + w = 2*j - 31, j + 2*w - 46 = 0. What is the highest common divisor of m and j?
18
Let p(g) = -48*g - 11. Let n be p(-1). Suppose -3*m = 5*y - 81, 3*y + 2 = 5*m + n. Calculate the greatest common divisor of y and 25.
5
Let i(q) = -q**3 + 2*q**2 + 4*q + 3. Let z be i(-3). Calculate the highest common factor of z and 1854.
18
Let u = 4849 + -4749. What is the greatest common divisor of u and 92?
4
Let l(n) = 2*n**2 - 59*n - 110. Let t be l(34). What is the greatest common divisor of t and 364?
28
Suppose j - 3 = 0, -y + 6 + 31 = 2*j. Suppose 0 = 27*b - y*b. Suppose o + 0*u - 29 = u, 4*o + u - 101 = b. What is the greatest common divisor of 208 and o?
26
Let j = 156 - 40. Let i = 3178 - 3091. What is the greatest common divisor of i and j?
29
Let a(o) = 104*o - 86. Let p be a(11). Suppose -p = -4*u - 3*x, 0 = u + 3*u - 3*x - 1070. Calculate the greatest common factor of 56 and u.
14
Suppose 4*c = -3*n + 24, 4*c + 26*n - 22*n - 28 = 0. Suppose -c*w - 14 = -4*b - 6, -2*b + 10 = 0. What is the highest common factor of w and 4?
4
Let f be 24/8 + 29 + 1*-2. Suppose -34 = -2*k - f. Suppose 4*c = -b + 14, 2*b - k*c - 20 = b. Calculate the greatest common divisor of 9 and b.
9
Suppose 4*s = -3*r + 126, 2*r = -4*s + 4*r + 136. Calculate the highest common divisor of s and 1199.
11
Suppose -52*x + 24 = -11*x - 37*x. What is the greatest common divisor of 8946 and x?
6
Suppose 75242 = 88*v - 35*v - 118897. What is the greatest common divisor of 66 and v?
33
Let q(g) = -10*g - 87. Let u be q(-9). Suppose 5*z - 45 = 3*y - 0*y, 3*z + u*y = 51. What is the highest common factor of z and 52?
4
Suppose -6*z = 4 - 52. Let v be (-1 + (-15)/(-2))/(z/112). Calculate the highest common factor of 7 and v.
7
Let y = -42873 - -42898. Suppose 333 + 367 = 4*l. What is the greatest common divisor of l and y?
25
Let r = 27 + 15. Let l = r - 39. What is the highest common divisor of l and 11?
1
Let p(r) = 268*r + 3968. Let a be p(-14). Calculate the highest common factor of 64 and a.
8
Suppose 428 - 47 = 28*w - 263. Calculate the highest common divisor of w and 37.
1
Let y(w) = 37*w - 677. Let c be y(19). Let h(q) = q**3 + 4*q**2 - 7*q + 4. Let g be h(4). Calculate the greatest common factor of g and c.
26
Let s be 76230/264 + (-3)/4. Calculate the highest common divisor of 468 and s.
36
Let k(x) = 36*x**3 - 5*x**2 - 13*x + 17. Let v be k(1). Let o be 57*4/6 - 3. Calculate the highest common factor of v and o.
35
Suppose 524*q = -852*q + 268*q + 35456. Let k be (3/2)/(1/(-14)). Let n = 37 + k. Calculate the greatest common divisor of q and n.
16
Let g be 2/(2/5) + 33/(-11). Suppose g*c = t, -5*c + 1 = -t + 7. Let s be 1101/9 + c/(-3). Calculate the greatest common factor of s and 41.
41
Let b = -9072 + 26725. Calculate the highest common factor of b and 139.
139
Let y be 45*(-4)/(-10 + 8). Calculate the greatest common divisor of 423 and y.
9
Let l(a) be the second derivative of -3*a**3/2 - 48*a**2 + 177*a. Let r be l(-11). Calculate the highest common factor of 3 and r.
3
Suppose 13 = 3*r - 14. Let v = 293 - 524. Let i = 237 + v. Calculate the greatest common divisor of r and i.
3
Let d = -4 - -7. Suppose -414 = -d*n + n. Let h be -2 + 7 + (-108)/(-6). Calculate the highest common factor of n and h.
23
Let y be 2174094/49389 + (-4)/202. Suppose 2*g = -4*a + 1682, -5*g + 20 = -5. What is the highest common factor of a and y?
22
Let k = 413 + -242. Suppose -4*d + 240 = -4*i, i - 7 = -10. What is the greatest common divisor of k and d?
57
Suppose 0 = 4*f + 2*x - 34, f - 176 = 2*x - 155. Suppose -4*a = 4*d - 3*a - 49, 2*d = -3*a + 37. What is the greatest common factor of f and d?
11
Let y(v) = -5*v**2 + 265*v + 182. Let w be y(53). Let i = 24 + -10. What is the highest common divisor of i and w?
14
Suppose 15 = 30*z - 25*z. Suppose -4*f - 253 + 861 = 2*c, -z*c - 5*f + 913 = 0. Calculate the highest common divisor of c and 68.
34
Suppose -4*u - 5960 = -2*w, 430 = -5*w - u + 15385. What is the highest common divisor of w and 1430?
130
Let w be (324/18 - -30)*2/(2/19). Calculate the highest common factor of w and 285.
57
Let l(d) = -2*d**3 - 68*d**2 - 187*d + 8. Let w be l(-31). Calculate the greatest common divisor of 10725 and w.
39
Let i = -17502 - -17598. What is the greatest common factor of 9 and i?
3
Let v(g) = -44*g - 117. Let j be v(-4). What is the highest common factor of j and 5192?
59
Let k be 4/(8/(-9))*(-14)/21. Suppose 141 = k*d + 54. Suppose -335 - d = -14*c. What is the greatest common factor of 182 and c?
26
Suppose -961 = -3*q - 271. Let n = 398 - q. What is the greatest common divisor of 42 and n?
42
Let f(j) = 112*j - 1624. Let z be f(16). Calculate the highest common factor of z and 294.
42
Let v(r) = r - 2*r + 3*r**2 - 9 - 5 + 6*r. Let y be v(2). Let z = -137 + 209. Calculate the greatest common divisor of z and y.
8
Suppose -11844 - 1036 = -316*q + 306*q. Calculate the highest common factor of q and 20.
4
Suppose -1728 = -h - 3*d, 3*d - 4676 = -5*h + 3928. Calculate the greatest common factor of 45 and h.
9
Let b(u) = 9*u**2 - 31*u - 575. Let x be b(-15). What is the highest common factor of 5 and x?
5
Suppose -159*o + 2214 = 2*o - 33367. What is the greatest common factor of 34 and o?
17
Let a(b) = b**3 - 36*b**2 + 334*b - 35. Let t be a(19). Calculate the highest common factor of 87 and t.
87
Let i(v) = 8*v**2 - 5*v - 4. Let k be i(-1). Suppose -x + k = 6. Let y be (-4)/(1 + x)*-8. What is the highest common factor of 32 and y?
8
Suppose 3*q = 3*a - 11 + 44, -q + 3*a + 15 = 0. Let x be (2 + (-6)/4)*30. What is the highest common divisor of q and x?
3
Suppose -28*h - 24*h = -988. Let x be 253125/325 + (-4)/(-26). What is the greatest common factor of x and h?
19
Suppose 2*v - 588 = -600, 0